est common factor of 20 and 291980?
20
What is the greatest common divisor of 57125 and 2000?
125
What is the greatest common divisor of 3444393 and 849?
849
Calculate the greatest common divisor of 43 and 830803.
43
What is the greatest common divisor of 360361 and 1424?
89
Calculate the highest common factor of 341 and 650163.
31
Calculate the greatest common factor of 5640 and 216.
24
What is the highest common divisor of 26904 and 1406?
38
What is the highest common factor of 272 and 19108?
68
What is the greatest common factor of 51246 and 108?
54
What is the highest common factor of 296 and 7496?
8
Calculate the highest common divisor of 45166 and 110.
22
What is the greatest common divisor of 40 and 230470?
10
What is the highest common divisor of 1017432 and 416?
104
Calculate the greatest common factor of 2380 and 6746110.
1190
Calculate the highest common divisor of 216 and 26046.
18
Calculate the highest common factor of 906 and 1842.
6
What is the highest common factor of 500 and 1304850?
50
Calculate the highest common factor of 49805 and 875.
35
Calculate the highest common factor of 493984 and 2064.
688
What is the greatest common divisor of 24012 and 72?
36
What is the greatest common divisor of 44 and 16654?
22
Calculate the greatest common divisor of 68257 and 796.
199
Calculate the greatest common divisor of 31875 and 32875.
125
Calculate the greatest common divisor of 1330615 and 195.
65
Calculate the greatest common divisor of 232 and 906888.
232
What is the greatest common divisor of 95416 and 8?
8
What is the greatest common factor of 75875 and 80124?
607
What is the highest common divisor of 11739 and 28380?
129
Calculate the greatest common divisor of 551 and 299459.
19
What is the greatest common factor of 480 and 533208?
24
Calculate the greatest common factor of 3774000 and 34.
34
Calculate the greatest common divisor of 737868 and 272.
68
What is the greatest common divisor of 1458 and 2022?
6
Calculate the greatest common factor of 24 and 151548.
12
Calculate the greatest common divisor of 200 and 6620.
20
What is the greatest common divisor of 31 and 3766500?
31
Calculate the greatest common factor of 1270 and 3710.
10
What is the greatest common factor of 6 and 246012?
6
Calculate the greatest common factor of 956 and 1918692.
956
What is the greatest common factor of 82 and 458708?
82
Calculate the highest common factor of 2726757 and 18.
9
What is the greatest common factor of 1036577 and 1671?
557
What is the highest common factor of 1047 and 2817?
3
What is the highest common factor of 103207 and 663?
221
What is the highest common factor of 10984 and 8?
8
What is the greatest common divisor of 112 and 27160?
56
What is the highest common divisor of 992 and 10496?
32
Calculate the greatest common divisor of 617844 and 12.
12
Calculate the highest common factor of 677234 and 212.
106
Calculate the highest common factor of 28872 and 45.
9
Calculate the greatest common factor of 6193 and 10697.
563
Calculate the highest common divisor of 12948 and 21281.
13
Calculate the highest common factor of 45 and 115677.
9
Calculate the greatest common factor of 1162996 and 62.
62
What is the highest common divisor of 19916 and 156?
52
Calculate the greatest common factor of 14467 and 23.
23
Calculate the greatest common factor of 1074 and 2791684.
358
What is the highest common divisor of 871 and 5159?
67
Calculate the highest common factor of 1924 and 86136.
148
What is the greatest common factor of 360015 and 300?
15
What is the greatest common divisor of 1582 and 4633?
113
What is the highest common factor of 11221 and 143583?
229
Calculate the greatest common divisor of 1472 and 23328.
32
Calculate the greatest common factor of 13603 and 8697.
223
What is the greatest common factor of 90 and 1968630?
30
What is the greatest common divisor of 4146 and 438?
6
Calculate the greatest common divisor of 15953 and 1075.
43
What is the highest common divisor of 37410 and 1131?
87
Calculate the highest common divisor of 1116 and 1573002.
558
Calculate the greatest common divisor of 116835 and 330.
15
Calculate the highest common factor of 390 and 1038090.
30
What is the greatest common factor of 3921 and 9?
3
Calculate the highest common factor of 1708 and 756.
28
What is the highest common factor of 14235 and 2886?
39
What is the greatest common factor of 1727 and 506?
11
What is the greatest common factor of 833 and 35?
7
What is the highest common factor of 720 and 975510?
90
What is the highest common factor of 33988 and 115149?
293
Calculate the highest common divisor of 209745 and 15.
15
Calculate the highest common factor of 11605 and 422.
211
Calculate the greatest common divisor of 15504 and 480.
48
Calculate the greatest common factor of 135 and 218565.
135
Calculate the highest common factor of 2514 and 629338.
838
What is the highest common divisor of 144256 and 64?
64
What is the greatest common factor of 3710768 and 32?
16
What is the greatest common factor of 4455 and 2420?
55
Calculate the greatest common divisor of 10611 and 2637.
9
What is the highest common factor of 37316 and 5092?
76
Calculate the highest common factor of 36076 and 81482.
622
Calculate the greatest common divisor of 58560 and 12505.
305
What is the highest common factor of 1422 and 8470143?
711
Calculate the highest common factor of 80 and 1592.
8
Calculate the greatest common factor of 12307 and 2.
1
What is the greatest common divisor of 8 and 25372?
4
What is the greatest common divisor of 1292 and 131002?
34
What is the highest common divisor of 34655 and 6235?
145
What is the highest common divisor of 2641589 and 2337?
779
What is the highest common factor of 5168 and 6256?
272
Calculate the highest common divisor of 201365 and 136.
17
What is the greatest common factor of 942068 and 282?
94
Calculate the highest common divisor of 26 and 45539.
13
Calculate the greatest common divisor of 544082 and 385.
77
Calculate the greatest common divisor of 191937 and 3269.
467
What is the greatest common factor of 24 and 18120?
24
What is the greatest common factor of 340 and 16150?
170
Calculate the highest common factor of 65 and 731705.
65
What is the highest common factor of 67614 and 354?
354
What is the highest common factor of 70083 and 599?
599
Calculate the highest common factor of 1555 and 15670.
5
What is the highest common factor of 2305 and 75143?
461
Calculate the highest common divisor of 278 and 116482.
278
What is the greatest common divisor of 31 and 4661749?
31
Calculate the greatest common factor of 139948 and 3776.
236
What is the greatest common factor of 74106 and 3312?
414
What is the greatest common factor of 90 and 55413?
9
Calculate the highest common factor of 460785 and 195.
195
Calculate the greatest common divisor of 51084 and 4902.
258
What is the greatest common factor of 1 and 244529?
1
What is the highest common divisor of 1 and 2683?
1
Calculate the greatest common factor of 12427 and 1156.
289
Calculate the highest common divisor of 52 and 11167.
13
Calculate the highest common divisor of 148863 and 312.
39
Calculate the highest common factor of 14865223 and 127.
127
Calculate the highest common factor of 132 and 1146.
6
What is the highest common factor of 747400 and 400?
200
Calculate the highest common divisor of 1595 and 230945.
55
What is the highest common divisor of 3924 and 1008?
36
What is the highest common divisor of 3281 and 8299?
193
What is the highest common divisor of 1368339 and 322?
161
What is the highest common factor of 14200 and 150?
50
What is the highest common factor of 358 and 185802?
358
Calculate the greatest common factor of 21289 and 427.
61
Calculate the highest common factor of 180 and 9330.
30
What is the greatest common factor of 20904 and 2184?
312
What is the greatest common divisor of 1952 and 352?
32
Calculate the highest common factor of 26 and 6383.
13
What is the highest common factor of 108 and 13752?
36
What is the highest common divisor of 2834516 and 155?
31
Calculate the greatest common divisor of 264 and 15504.
24
What is the greatest common divisor of 8 and 5763512?
8
Calculate the greatest common factor of 1591 and 50320.
37
Calculate the greatest common